et x be c(3). Let p(h) = 0*h**2 + 4*h + 8 + h**x - 9. Give p(k).
-5
Let v(z) = 10*z + 16. Let u = -1356 - -1354. Calculate v(u).
-4
Let m(s) = 3*s - 2. Suppose -9 = -z - 4. Let c(k) = k**2 - 4*k - 4. Let j be c(z). Let y be 5 + 2*(0 - j). Give m(y).
7
Let o(c) = -12*c**2 - 3*c. Let z(q) = -7*q**2 - q. Let b(g) = -4*o(g) + 7*z(g). What is b(3)?
6
Let r be (-6)/27 + (-58)/(-18). Let n(z) = -z + 1. Let t(x) = 3*x + 9 + 8 - 24. Let f(a) = 5*n(a) + t(a). What is f(r)?
-8
Let y(t) = -t**2 + 41*t + 24. Let j(c) = c**2 - 46*c - 24. Let s(k) = -6*j(k) - 7*y(k). What is s(13)?
2
Let i(a) = -a**3 + 1. Let b(l) = -3*l**3 - l**2 - 3. Let o(w) = b(w) + 4*i(w). Let s = 12 - 13. What is o(s)?
7
Let a(r) = -r**2 - 4*r + 3. Suppose -37*y - 30 = -35*y. Let f(v) = -14*v**2 - v**2 - v**3 + 9 + 2 + v. Let j be f(y). Calculate a(j).
3
Suppose 4*q + 4*r + 2 = -2, -4*q + 26 = -2*r. Suppose 5*c + 15 = -s, -c = -1 + q. Let j(f) = f + 1. Determine j(s).
1
Let p(w) = -518*w + 38 + 519*w - 2. Determine p(0).
36
Let b be 0/((-24)/(-36)*(-5 + 2)). Let c(w) = -3*w**2 + 5. Let u(m) = 7*m**2 - 9. Let t(r) = 5*c(r) + 2*u(r). What is t(b)?
7
Let k be (2/26)/(18/234). Let m(j) = -1. Let b(l) = 9*l**2 - l + 6. Let i(p) = -b(p) - 5*m(p). Determine i(k).
-9
Let g be (-51)/(-6) + (-4 + 5)/(-2). Let p(y) = y - 8. Give p(g).
0
Suppose 3*y + 20 - 5 = 0. Let f(g) = -g**2 - 3*g + 9. Determine f(y).
-1
Let r(g) = -2*g**3 - 2*g**2 + g + 2. Suppose 2*x + 10 = 2*t, 2*x = 5*x + 4*t - 13. Calculate r(x).
1
Let j(g) be the third derivative of -9*g**2 + 0*g**4 + 0*g - 1/6*g**3 + 1/60*g**5 + 0. What is j(-1)?
0
Let q(n) be the second derivative of -n**4/12 + n**3/2 - n**2 + 124*n. Determine q(7).
-30
Suppose -3*f - 4*x - 17 = -4*f, x + 7 = 3*f. Let b(r) = 16*r**2 + r - 1. Determine b(f).
16
Let q be 21/12 + ((-105)/(-20) - 5). Let y = 11 - 7. Let s(d) = y*d - 3*d - 4*d + 2. What is s(q)?
-4
Suppose -8*u + 111 = 87. Let c(v) be the first derivative of v**2 + 0*v + v**u - 1/4*v**4 + 4. Determine c(4).
-8
Suppose 4 = -4*q - 4*k + 7*k, -q + k = 0. Let i(v) = v - 2. What is i(q)?
-6
Let q(d) = d**2 - 4*d + 3. Let x be q(2). Let b(y) = 4*y. Calculate b(x).
-4
Let w(f) = -f**2 - 2*f - 1. Let r be w(-3). Let y be 6/r*16/(-12). Let c(o) be the first derivative of -o**3/3 - o**2/2 + o + 4. Determine c(y).
-5
Let h(b) be the second derivative of -b**5/20 + 7*b**4/6 - b**3/6 + 13*b**2/2 - 282*b. Determine h(14).
-1
Let a(m) = 7*m - 6. Let v(y) = 9*y - 9. Let q(f) = 4*a(f) - 3*v(f). Calculate q(-5).
-2
Let h(z) be the first derivative of -z**3/6 - z**2 - 6*z - 4. Let q(s) be the first derivative of h(s). Give q(-2).
0
Let q be ((-6)/(-4))/(3 - (-102)/(-36)). Let d(w) = -10*w + 4 - w + q*w. Determine d(3).
-2
Let b(f) = -10*f**2 + f. Suppose n + 2*u - 24 = 6*u, -14 = -n + 2*u. Suppose n = -5*j - 1. Give b(j).
-11
Let z(u) = -u + 2. Let t be z(9). Let b(q) = -3*q - 5. Let d(m) = -7*m - 10. Let i(w) = -5*b(w) + 2*d(w). What is i(t)?
-2
Let u = 60 + -57. Let w(c) = -2*c + u*c + 119 - 118. Determine w(5).
6
Let k(b) be the third derivative of b**7/630 - b**6/720 + 2*b**5/15 + 7*b**2. Let x(y) be the third derivative of k(y). Give x(1).
7
Let m(k) = -73*k**2 - 4*k**3 + k + 5*k**3 - 7 + 2 - 4 + 55*k**2. Determine m(18).
9
Let z(j) = 8*j**2 + 11*j - 13. Let y be z(1). Let d(q) = -q**3 + 5*q**2 + 7*q + 1. Determine d(y).
7
Let s(x) be the third derivative of -x**6/60 - x**5/15 - x**4/12 + x**3/3 + 80*x**2 + x. Calculate s(-3).
26
Let z(t) = -t**2 + 6*t - 6. Suppose -36 + 4 = -4*l. Suppose -3*o = -o - l. Let v be z(o). Let j(q) = q**2. Calculate j(v).
4
Let j = 436 - 438. Let p(m) = 3*m**3 - m**2 - 2*m + 1. Give p(j).
-23
Suppose -1 = h - 3. Suppose -12 = -2*t - 4*t. Let q(z) = -z + 2 - t*z**2 + z + z**h. What is q(2)?
-2
Let y(x) = 4 - 2*x - 1 + 3. Let c = 817 + -812. Determine y(c).
-4
Let l(b) = -b + 3. Let y(t) = t. Let v(a) = a**2 + 12*a + 14. Let i be v(-10). Let u be 2 + -3*2/i. Let p(w) = u*y(w) - l(w). Calculate p(2).
5
Let k = 55 + -38. Suppose 0 = 2*v + 4*m + 10, -2*v - 5*m = 2*v + k. Let u(d) = d - 3. Calculate u(v).
-6
Suppose -2*g = 2*l - 0 + 4, 2*g - 21 = 3*l. Suppose -4*o + g = -17. Suppose -5*y - 14 = o*j + 16, -j = 5. Let a(r) = 8*r + 1. What is a(y)?
-7
Suppose 2*a = 0, -5*d - a - 90 = -2*a. Let p be ((-6)/5)/(d/(-45)). Let x(k) = -3*k + 2*k + k**2 + 4 + 3*k. Determine x(p).
7
Let j(m) = -3*m - 3. Let l(r) = -2*r + 3. Let p(d) = j(d) - 2*l(d). What is p(8)?
-1
Let y(k) = -k - 5. Let t(v) = -2*v + 7*v**2 - 1 - 3*v**2 - 3*v**2. Let p be t(-2). Suppose 0 = 3*h + 28 - p. Calculate y(h).
2
Let v(k) = -5*k**3 - 29*k**2 + 12*k - 9. Let c(o) = o**3 + 7*o**2 - 3*o + 2. Let s(x) = -9*c(x) - 2*v(x). Let i be 3 + (-1 - (1 + -3)). Give s(i).
-4
Suppose -2*b = -w + 8, 2*w = -2*b + b + 6. Suppose w*q = -0 + 4. Suppose -q = 2*p + 3. Let j(t) = t**3 - t - 1. What is j(p)?
-7
Let q(i) = -3 + 4 + 13 + 10 - 5*i + 0. Determine q(4).
4
Let g(z) = 2*z**2 + 13*z - 49. Let j be g(-9). Let u(m) = m**3 + 4*m**2 + m + 1. Determine u(j).
-3
Let t(j) = -6*j + 3. Suppose 2200*z + 30 = 2185*z. Calculate t(z).
15
Let f = 1355 - 1347. Let u(l) = -8*l + 4*l**2 + 5*l**2 - l + 3 - l**3. Give u(f).
-5
Let r(h) = 8*h + 3 + 14*h**2 - 4 - 13*h**2. Let f(g) = -2*g**2 - 17*g + 1. Let p(z) = 2*f(z) + 5*r(z). What is p(-5)?
-8
Let n(o) = o + 1. Suppose 0*k + 3*k + 18 = t, 4*t + 5*k = 4. Let d be (-20)/75*t - (-2)/(-5). What is n(d)?
-1
Let x(d) = d**3 + 6*d**2 + 5*d - 4. Let r be (-7 + 1)/(3/2). Let a = r - -67. Let f be (-297)/a - 4/14. Calculate x(f).
-4
Let u(v) = -4*v - 2. Let i be 0/(-4) + 158 - 3. Let t = i - 159. What is u(t)?
14
Let c be 6 - (-4 - 1 - -6). Let l(j) = -4*j + 7. Determine l(c).
-13
Let f = -3/26 - -35/78. Let u(g) be the first derivative of -3*g - 4 + 2*g**2 + f*g**3. Determine u(-4).
-3
Let d(u) = 7*u**3 - 4*u**2 + 6*u - 3. Let i(s) = -15*s**3 + 9*s**2 - 13*s + 7. Let w(p) = 13*d(p) + 6*i(p). Give w(-4).
-29
Let r(j) be the second derivative of -j**5/20 - 11*j**4/12 + 13*j**3/6 + 7*j**2/2 - 24*j - 4. Suppose 3*b = 2*b - 2*n - 22, -3*b = -3*n + 21. Determine r(b).
-5
Let z(c) = 17*c**2 + 7*c**3 + c**3 - 3 - 9*c - 7*c**3 - 25*c**2. Suppose 0 = h - 6*h + 45. Determine z(h).
-3
Suppose v = -2*v - h + 143, 0 = 4*h + 4. Suppose -v = -8*g + 8. Let u(d) = -d**3 + 6*d**2 + 7*d - 6. Determine u(g).
-6
Let r(k) be the first derivative of -k**3/3 - 2*k**2 + 35*k + 329. Calculate r(-8).
3
Let s(b) = 2*b**3 - b - 1. Let c = 144 - 145. Give s(c).
-2
Let b(n) = n**2 - 7*n - 7. Let j be b(7). Let c(g) be the third derivative of -1/24*g**4 + 0*g + 0*g**3 + 0 - 3*g**2. What is c(j)?
7
Let x(o) be the second derivative of -o**4/12 - 3*o**3/2 - 5*o**2 + 146*o. Determine x(-7).
4
Let j(t) = -2*t + 8. Suppose 0 = 5*b - 10 + 50. Let u(v) = 5*v - 23. Let d(k) = b*j(k) - 3*u(k). Calculate d(-6).
-1
Let c(n) = 7*n + 7*n - 6 - 13*n - 2*n. Determine c(-9).
3
Let f = -2125 - -2117. Let a(p) = 6*p + 37. What is a(f)?
-11
Let d be (3/(-2))/(1/((-6)/3)). Let b(t) = 2*t**3 - 5*t**2 - 4*t. Give b(d).
-3
Let n(a) = -a + 1. Let q(d) = -d + 5*d**3 - 4*d**3 + d**2 - d + 7. Suppose -9*f + 16*f = -21. Let v be q(f). Give n(v).
6
Let w = -17 + 20. Suppose -4*z + 25 = -i, 3*z + 40 = 8*z - w*i. Let c(b) = b - 1. Give c(z).
4
Let k(s) = 10*s - 1. Let y = -100 - -96. Determine k(y).
-41
Let v(o) be the first derivative of -o**2/2 + 5*o - 22. Calculate v(6).
-1
Let n be (-6)/4 - 1/(-2). Let q(v) be the third derivative of -v**6/120 + v**4/3 + 13*v**2. Let m(g) be the second derivative of q(g). Give m(n).
6
Let p(g) = 7 - 23*g + 77*g - 59*g. What is p(4)?
-13
Let r = 20 + -15. Let p(g) = -1 - 5*g + 4 - g + 4. Give p(r).
-23
Let a(w) = -4*w + 1. Suppose 0*d + 5*n = 5*d + 30, 2*d - 3*n = -14. Let j be 168/(-16)*d/3. Suppose 3*y - 10*y - j = 0. Calculate a(y).
9
Let c(w) = -2*w - 4. Let j be (12/36)/((-1)/(-18)). Suppose -g = -j*g - 15. Determine c(g).
2
Let a(j) = j**3 + 3*j**2 + 1. Suppose 7*q = 3*q. Suppose q*t = -2*t. Suppose 2*h + 7 - 1 = t. Calculate a(h).
1
Let f(l) be the first derivative of l**3 + l**2 + 3*l - 5. Let v = 53 - 55. Determine f(v).
11
Let n(g) = -1653*g - 1 + g**2 + 2 + 1654*g. Determine n(-2).
3
Let c(m) = m**2 + 15*m + 46. Let k be c(-12). Let x(t) = -t + 15. Give x(k).
5
Let n(z) = z - 18. Let s be n(18). Suppose 2*k - 5*x - 41 + 1 = s, 0 = 2